{"id":5,"date":"2026-01-27T18:45:50","date_gmt":"2026-01-27T17:45:50","guid":{"rendered":"http:\/\/ptp.waw.pl\/?page_id=5"},"modified":"2026-04-11T20:01:25","modified_gmt":"2026-04-11T18:01:25","slug":"home","status":"publish","type":"page","link":"https:\/\/ptp.waw.pl\/","title":{"rendered":"Home"},"content":{"rendered":"\n<div class=\"wp-block-cover alignfull\" style=\"margin-top:0;margin-bottom:0;padding-top:0;padding-right:0;padding-bottom:0;padding-left:0;min-height:680px;aspect-ratio:unset;\"><img decoding=\"async\" class=\"wp-block-cover__image-background wp-image-1862\" alt=\"\" src=\"http:\/\/ptp.waw.pl\/wp-content\/themes\/prespa-travel\/assets\/img\/pt-patterns\/hero-image.jpg\" data-object-fit=\"cover\"\/><span aria-hidden=\"true\" class=\"wp-block-cover__background has-background-dim-40 has-background-dim\" style=\"background-color:#3b1c01\"><\/span><div class=\"wp-block-cover__inner-container is-layout-constrained wp-container-core-cover-is-layout-72d38984 wp-block-cover-is-layout-constrained\">\n<div style=\"height:4rem\" aria-hidden=\"true\" class=\"wp-block-spacer\"><\/div>\n\n\n\n<h1 class=\"wp-block-heading has-text-align-center p-scale-change-animation has-white-color has-text-color has-xx-large-font-size\" style=\"margin-top:var(--wp--preset--spacing--large);margin-bottom:var(--wp--preset--spacing--large);padding-top:var(--wp--preset--spacing--large);padding-right:var(--wp--preset--spacing--small);padding-bottom:var(--wp--preset--spacing--small);padding-left:var(--wp--preset--spacing--small);font-style:normal;font-weight:700\"><em>Poczuj grunt pod stopami.<\/em><\/h1>\n\n\n\n<p class=\"has-text-align-center p-typewrite-animation has-white-color has-text-color has-link-color wp-elements-c775c53be2b0ba5afb9b3b7f4a000bb5\">Przygoda to znacznie wi\u0119cej ni\u017c zabawa! To wypoczynek, wyzwanie, a nawet terapia!<\/p>\n\n\n\n<div class=\"wp-block-group alignwide has-white-color has-text-color has-link-color wp-elements-52539b73f2e84574dddae7e0c7576aaa is-layout-constrained wp-container-core-group-is-layout-65f55d19 wp-block-group-is-layout-constrained\" style=\"margin-top:var(--wp--preset--spacing--x-large);margin-bottom:0;padding-top:var(--wp--preset--spacing--small);padding-right:var(--wp--preset--spacing--small);padding-bottom:var(--wp--preset--spacing--small);padding-left:var(--wp--preset--spacing--small)\">\n<div class=\"wp-block-columns is-layout-flex wp-container-core-columns-is-layout-28f84493 wp-block-columns-is-layout-flex\">\n<div class=\"wp-block-column is-layout-flow wp-block-column-is-layout-flow\">\n<h2 class=\"wp-block-heading has-text-align-center has-medium-font-size\">Odpoczynek<\/h2>\n\n\n\n<p class=\"has-text-align-center has-normal-font-size\">Przygoda pozwala na g\u0142\u0119boki reset, daj\u0105c przestrzeni i cia\u0142u szans\u0119 na prawdziwy odpoczynek oraz pe\u0142ne odpr\u0119\u017cenie z dala od codziennych napi\u0119\u0107.<\/p>\n<\/div>\n\n\n\n<div class=\"wp-block-column is-layout-flow wp-block-column-is-layout-flow\">\n<h2 class=\"wp-block-heading has-text-align-center has-medium-font-size\">Refleksja<\/h2>\n\n\n\n<p class=\"has-text-align-center has-normal-font-size\">Przygoda stwarza przestrze\u0144 do g\u0142\u0119bokiej refleksji nad dotychczasow\u0105 drog\u0105, pozwalaj\u0105c uporz\u0105dkowa\u0107 priorytety i na nowo odkry\u0107 poczucie sensu w swoim \u017cyciu.<\/p>\n<\/div>\n\n\n\n<div class=\"wp-block-column is-layout-flow wp-block-column-is-layout-flow\">\n<h2 class=\"wp-block-heading has-text-align-center has-medium-font-size\">Zdrowie<\/h2>\n\n\n\n<p class=\"has-text-align-center has-normal-font-size\">Badania naukowe potwierdzaj\u0105, \u017ce celowo zaplanowana przygoda posiada liczne w\u0142a\u015bciwo\u015bci terapeutyczne, kt\u00f3re realnie wspieraj\u0105 proces leczenia i popraw\u0119 kondycji psychicznej i fizycznej.<\/p>\n<\/div>\n<\/div>\n<\/div>\n<\/div><\/div>\n\n\n\n<div class=\"wp-block-group alignfull has-dark-beige-background-color has-background is-layout-constrained wp-container-core-group-is-layout-5f6e68ec wp-block-group-is-layout-constrained\" style=\"margin-top:0px;margin-bottom:0px;padding-top:var(--wp--preset--spacing--large);padding-right:var(--wp--preset--spacing--small);padding-bottom:var(--wp--preset--spacing--large);padding-left:var(--wp--preset--spacing--small)\">\n<div class=\"wp-block-columns p-animation-text-moveUp is-layout-flex wp-container-core-columns-is-layout-1b715042 wp-block-columns-is-layout-flex\">\n<div class=\"wp-block-column is-vertically-aligned-center is-layout-flow wp-block-column-is-layout-flow\">\n<h1 class=\"wp-block-heading has-text-primary-color has-text-color has-large-font-size\">Zostaw codzienno\u015b\u0107! Wyjed\u017a i zadbaj o siebie!<\/h1>\n\n\n\n<div style=\"height:8px\" aria-hidden=\"true\" class=\"wp-block-spacer\"><\/div>\n<\/div>\n\n\n\n<div class=\"wp-block-column is-vertically-aligned-center has-text-secondary-color has-text-color has-link-color wp-elements-de333ffa41944f4e6be7eef9a174823f is-layout-flow wp-block-column-is-layout-flow\" style=\"border-left-width:3px;padding-right:var(--wp--preset--spacing--small);padding-left:var(--wp--preset--spacing--small)\">\n<p>\u0141\u0105czymy profesjonalne wsparcie psychologiczne z moc\u0105 natury, tworz\u0105c bezpieczne warunki do Twojej wewn\u0119trznej przemiany.<\/p>\n<\/div>\n<\/div>\n<\/div>\n\n\n\n<div class=\"wp-block-group alignfull has-dark-mode-icons has-beige-background-color has-background is-layout-constrained wp-container-core-group-is-layout-1640b127 wp-block-group-is-layout-constrained\" style=\"margin-top:0px;margin-bottom:0px;padding-top:var(--wp--preset--spacing--small);padding-right:var(--wp--preset--spacing--small);padding-bottom:var(--wp--preset--spacing--small);padding-left:var(--wp--preset--spacing--small)\">\n<p class=\"has-text-align-center p-animation-zoom-in has-medium-font-size\" style=\"padding-top:var(--wp--preset--spacing--small);padding-right:0;padding-bottom:var(--wp--preset--spacing--small);padding-left:0\"><strong>We partner with high quality businesses to deliver top-notch experience<\/strong><\/p>\n\n\n\n<div class=\"wp-block-columns alignwide p-animation-zoom-in is-layout-flex wp-container-core-columns-is-layout-ee4d244a wp-block-columns-is-layout-flex\" style=\"margin-top:0;margin-bottom:0;padding-top:var(--wp--preset--spacing--small);padding-bottom:var(--wp--preset--spacing--small)\">\n<div class=\"wp-block-column is-layout-flow wp-block-column-is-layout-flow\">\n<figure class=\"wp-block-image aligncenter size-full is-resized\"><img decoding=\"async\" src=\"http:\/\/ptp.waw.pl\/wp-content\/themes\/prespa-travel\/assets\/img\/pt-patterns\/logos\/partners\/logo-01.png\" alt=\"\" class=\"wp-image-2425\" style=\"width:125px;height:50px\"\/><\/figure>\n<\/div>\n\n\n\n<div class=\"wp-block-column is-layout-flow wp-block-column-is-layout-flow\">\n<figure class=\"wp-block-image aligncenter size-full is-resized\"><img decoding=\"async\" src=\"http:\/\/ptp.waw.pl\/wp-content\/themes\/prespa-travel\/assets\/img\/pt-patterns\/logos\/partners\/logo-02.png\" alt=\"\" class=\"wp-image-2383\" style=\"width:125px;height:50px\"\/><\/figure>\n<\/div>\n\n\n\n<div class=\"wp-block-column is-layout-flow wp-block-column-is-layout-flow\">\n<figure class=\"wp-block-image aligncenter size-full is-resized\"><img decoding=\"async\" src=\"http:\/\/ptp.waw.pl\/wp-content\/themes\/prespa-travel\/assets\/img\/pt-patterns\/logos\/partners\/logo-03.png\" alt=\"\" class=\"wp-image-2424\" style=\"width:125px;height:50px\"\/><\/figure>\n<\/div>\n\n\n\n<div class=\"wp-block-column is-layout-flow wp-block-column-is-layout-flow\">\n<figure class=\"wp-block-image aligncenter size-full is-resized\"><img decoding=\"async\" src=\"http:\/\/ptp.waw.pl\/wp-content\/themes\/prespa-travel\/assets\/img\/pt-patterns\/logos\/partners\/logo-04.png\" alt=\"\" class=\"wp-image-2395\" style=\"width:125px;height:50px\"\/><\/figure>\n<\/div>\n\n\n\n<div class=\"wp-block-column is-layout-flow wp-block-column-is-layout-flow\">\n<figure class=\"wp-block-image aligncenter size-full is-resized\"><img decoding=\"async\" src=\"http:\/\/ptp.waw.pl\/wp-content\/themes\/prespa-travel\/assets\/img\/pt-patterns\/logos\/partners\/logo-05.png\" alt=\"\" class=\"wp-image-2393\" style=\"width:125px;height:50px\"\/><\/figure>\n<\/div>\n\n\n\n<div class=\"wp-block-column is-layout-flow wp-block-column-is-layout-flow\">\n<figure class=\"wp-block-image aligncenter size-full is-resized\"><img decoding=\"async\" src=\"http:\/\/ptp.waw.pl\/wp-content\/themes\/prespa-travel\/assets\/img\/pt-patterns\/logos\/partners\/logo-06.png\" alt=\"\" class=\"wp-image-2428\" style=\"width:125px;height:50px\"\/><\/figure>\n<\/div>\n<\/div>\n<\/div>\n","protected":false},"excerpt":{"rendered":"<p>Zostaw codzienno\u015b\u0107! Wyjed\u017a i zadbaj o siebie! \u0141\u0105czymy profesjonalne wsparcie psychologiczne z moc\u0105 natury, tworz\u0105c&hellip;<\/p>\n","protected":false},"author":1,"featured_media":0,"parent":0,"menu_order":0,"comment_status":"closed","ping_status":"closed","template":"","meta":{"footnotes":""},"class_list":["post-5","page","type-page","status-publish","hentry"],"_links":{"self":[{"href":"https:\/\/ptp.waw.pl\/index.php?rest_route=\/wp\/v2\/pages\/5","targetHints":{"allow":["GET"]}}],"collection":[{"href":"https:\/\/ptp.waw.pl\/index.php?rest_route=\/wp\/v2\/pages"}],"about":[{"href":"https:\/\/ptp.waw.pl\/index.php?rest_route=\/wp\/v2\/types\/page"}],"author":[{"embeddable":true,"href":"https:\/\/ptp.waw.pl\/index.php?rest_route=\/wp\/v2\/users\/1"}],"replies":[{"embeddable":true,"href":"https:\/\/ptp.waw.pl\/index.php?rest_route=%2Fwp%2Fv2%2Fcomments&post=5"}],"version-history":[{"count":4,"href":"https:\/\/ptp.waw.pl\/index.php?rest_route=\/wp\/v2\/pages\/5\/revisions"}],"predecessor-version":[{"id":28,"href":"https:\/\/ptp.waw.pl\/index.php?rest_route=\/wp\/v2\/pages\/5\/revisions\/28"}],"wp:attachment":[{"href":"https:\/\/ptp.waw.pl\/index.php?rest_route=%2Fwp%2Fv2%2Fmedia&parent=5"}],"curies":[{"name":"wp","href":"https:\/\/api.w.org\/{rel}","templated":true}]}}